(h).
12
Let o = -4 - -31. Let m = 31 - o. Let r(i) = -i**3 + 3*i**2 + 4*i - 2. Determine r(m).
-2
Suppose -5*d + 4 = -3*d. Suppose -3*x + a - 21 = 0, -4*x = d*a + 8 + 10. Let z(y) = y**3 + 10*y + 0*y**2 - 4*y + 7*y**2 - 1. Determine z(x).
-1
Let j(o) be the second derivative of o**5/20 + o**4/4 + o**3/6 + o**2 - 13*o - 4. Give j(-3).
-1
Suppose 0 = -p + 5*p. Let i = p + 2. Suppose 2*o + 6 = i. Let b(t) = t**3 + 2*t**2 + 4*t + 3. What is b(o)?
-5
Let b(w) = -2*w**3 - 3*w + 4. Let h(c) = 2*c**3 + c**2 + 2*c - 3. Let p(j) = -2*b(j) - 3*h(j). Suppose 47*m - 12 = 53*m. Calculate p(m).
5
Let k(z) = -20*z + 13. Let g(o) be the third derivative of -5*o**4/24 + o**3/2 + 25*o**2. Let p(x) = -9*g(x) + 2*k(x). Calculate p(1).
4
Let y(l) be the third derivative of l**5/60 + l**4/3 - l**3/6 - 452*l**2. Calculate y(-6).
-13
Let d(j) = 81*j**2 - 5*j + 16. Let q(c) = 16*c**2 - c + 3. Let y(s) = -2*d(s) + 11*q(s). Give y(2).
55
Let w(o) = -44 + o + 77*o**2 + 40 - 78*o**2. Let f = -3 + 3. Determine w(f).
-4
Let p(i) = -i**2 + 5*i - 2. Let t(q) = -q**2 + 5*q - 3. Let a = -70 + 75. Let n(z) = a*t(z) - 6*p(z). Calculate n(4).
-7
Suppose 0 = -q - 3*q. Let o(y) = -y**2 + y**3 - 2*y**3 + 165 - y - 173. Give o(q).
-8
Let u = -24 + 21. Let l(b) be the third derivative of -b**5/30 - 5*b**4/24 - b**3/2 + 44*b**2 - b. Give l(u).
-6
Let x(h) be the first derivative of -h**4/3 - h**2/2 - 5*h - 41. Let v(f) be the first derivative of x(f). What is v(1)?
-5
Suppose 2*q = -4*c - 2, 2*c - 2*q = 4*c. Let l(b) = 19*b**2 - 2*b - 1. What is l(c)?
20
Let a(o) = -6*o**2 + 138 - o + 4*o**2 + 5*o - 135 + o. What is a(4)?
-9
Let h(z) = z**2 + 10*z - 61. Let x be h(-14). Let b(n) = 3*n - 3. Give b(x).
-18
Let h be (-2)/(-3) + (-8)/(-6). Suppose 16 = h*n + 4*i - 2, 4*n - 12 = 4*i. Let a(v) = 1 + v + 5*v - 5*v. Give a(n).
6
Suppose 3*o + 27 = 27. Let h(d) = d**3 - d**2 + 3*d + 2. Determine h(o).
2
Let q = 16 + -17. Let l(k) = -k**3 - k - 6. Let h(p) = -p**2 - 1. Let g(r) = q*l(r) + 2*h(r). Determine g(3).
16
Let p(o) = 10*o**2 - 207*o - 30. Let i(h) = -3*h**2 + 60*h + 9. Let t(z) = -7*i(z) - 2*p(z). Let g be ((-3)/1)/(1/(-2)). Give t(g).
-3
Let j(l) = -4*l - 8 - 7*l**2 + 6*l**2 + 0*l**2. Let n(m) = 2 - 5*m - 40*m**2 - 10 + 39*m**2. Let s(k) = 3*j(k) - 4*n(k). Calculate s(-6).
-4
Let p(u) be the third derivative of -u**6/360 - 7*u**5/120 + u**4/12 - 13*u**2. Let v(s) be the second derivative of p(s). Calculate v(-5).
3
Let s(v) = -6*v**3 + 10*v**2 - v + 5. Let z(c) = -5*c**3 + 9*c**2 - 2*c + 5. Let x(f) = 4*s(f) - 5*z(f). Calculate x(4).
3
Let o(w) = -3*w + 3. Let s(k) = 5*k - 2. Let p(a) = -3*o(a) - 2*s(a). Determine p(-6).
1
Let u be (2 - 3) + -2 - -1. Let m = u - -5. Let p(i) = -2*i + 1. Let x(n) = n - 1. Let o(w) = -2*p(w) - 5*x(w). What is o(m)?
0
Let j(i) = -11*i - 8*i + 14 + 33*i - 7*i - 8*i. Determine j(18).
-4
Let y(z) = -z**3 + 10*z**2 - 8*z - 8. Let a be (2*3)/(36/(-27) - -2). What is y(a)?
1
Let x(k) = k. Let i(v) = 3*v + 11. Let w(m) = i(m) - 4*x(m). Calculate w(17).
-6
Let n(l) = 3*l - 16. Suppose 0 = -28*s - 9 + 233. What is n(s)?
8
Let q(t) = t**3 - 4*t**2 - 2*t + 1. Let j be (-6 - -1) + 3 - -15. Let w = j - -9. Let y = w - 17. Determine q(y).
16
Let q be 1*(-2)/(-1)*1. Let x(r) = r**q + 7 + 0*r - 5 - 2*r. Determine x(2).
2
Let c(f) = -f**2 - f + 4. Suppose -25 = -5*q, -3*q - 6 - 9 = -5*v. Let g be (v - 7)*(2 - 2). What is c(g)?
4
Let q(s) = -4*s + 5. Suppose -2*n + 3*f = -0*n + 4, 4*f - 20 = -n. Suppose 0 = 2*v + n, v - 4 = -w - 4*v. Let j = -10 + w. Determine q(j).
-11
Let m(w) = 6*w - 2. Let l(g) = -71*g - 140. Let s be l(-2). Determine m(s).
10
Let c(n) be the first derivative of -3*n**2 + 1/4*n**4 + 4*n + 17 - 5/3*n**3. Let a(z) = 5*z + 1. Let q be a(1). Calculate c(q).
4
Let l(k) be the first derivative of k**4/6 + k**3/2 + 11*k**2/2 + 16. Let h(z) be the second derivative of l(z). Give h(3).
15
Let i(y) = -2*y**3 - y. Suppose -25 = -3*o - 4*m, -m + 1 = -3. Let z be (-1)/((-4)/(-4)) + -2 - -5. Suppose 5*c - 5*x = 10, -o*c = -5*c - z*x. Give i(c).
-3
Let u(z) = -5*z**3 - 7*z**2 + 6*z - 2. Let a(q) = -6*q**3 - 7*q**2 + 6*q - 1. Let x(w) = 6*a(w) - 7*u(w). Let t be (-12)/16 + 0 + (-81)/(-12). Determine x(t).
8
Let c = -7 + 8. Let l(u) = 9*u**2 + u. Let b(z) = -77 + 2*z + 77 + 19*z**2. Let v(w) = 3*b(w) - 7*l(w). Determine v(c).
-7
Let q(u) be the third derivative of u**8/5040 - u**5/20 - 27*u**2. Let k(s) be the third derivative of q(s). Determine k(2).
16
Let c(p) = 15*p - 56. Let h be c(14). Let y(b) = -4*b + 152*b**2 - h*b**2 + 5*b + 2*b**3. Let k be (-2)/((-6)/2 - -1). Calculate y(k).
1
Let w be -2 - (17 + 120/(-10)). Let i(j) = j**3 + 9*j**2 + 7*j - 3. Calculate i(w).
46
Let z(c) be the first derivative of -c**3/3 - c**2 - 4*c + 1. Suppose 8*i + 42 = 29*i. Let d be i/(0 + 4/(-6)). Determine z(d).
-7
Suppose -3*g = -4*o - 32, 0 = 2*o + 4*g - 12 + 28. Let m(z) = z - 4. Give m(o).
-12
Suppose 33 = -4*z + 3*f + 13, 4*z + 4*f + 48 = 0. Let q(t) be the third derivative of -t**4/12 - 3*t**3/2 + 22*t**2. Give q(z).
7
Suppose -2*a + 4*n + 6 = 0, -2*n = n. Let z(q) = -9 + 17 - a*q - 9. What is z(2)?
-7
Let d(z) = -z + 5. Let v be 4*-2*(-28)/32 + 3. Give d(v).
-5
Let f(y) = -y**3 + 9*y**2 + y - 2. Let i be f(9). Let x(j) = j**3 + 2*j**2 + j. Let u(r) = -r**3 - 10*r**2 - 10*r - 2. Let z(q) = u(q) + 2*x(q). Determine z(i).
-9
Suppose 57 = 3*p - 0*p - 3*u, -4*p = u - 101. Let z(h) = -22 - 102*h**2 + p - 6*h + 106*h**2 + h**3. What is z(-5)?
7
Let k(u) = 7 - 1 + 1 - 4 + u. Let r(q) = -q**2 + 2*q + 8. Let c(j) = 8*k(j) - 3*r(j). Give c(-2).
8
Let k(c) = -1. Let a(o) = 3*o + 10. Let y be a(-3). Let u(m) = 14*m + 4. Let p(n) = y*u(n) + 3*k(n). Give p(-1).
-13
Let k(r) = -4302*r**2 + 4303*r**2 - 8 - 2 + 2*r + 3. Give k(4).
17
Let m be (((-112)/(-12))/(-7))/((-2)/9). Let s(u) = 3*u - 9. Give s(m).
9
Let b(p) = -19*p - 4. Let m(k) = -34*k - 9. Let q(f) = -9*b(f) + 5*m(f). Let z be (2 - 1) + 1 + 4. What is q(z)?
-3
Let a(l) = 2*l - 2 + 2*l - l. Suppose -6*i = -i - 80. Suppose -i*f + 20*f + 12 = 0. Calculate a(f).
-11
Let t be 2 + 5 + (0 - 4). Let y(f) be the third derivative of -5/6*f**t + 0 - 3*f**2 + 0*f - 1/12*f**4. Determine y(5).
-15
Let t(q) be the second derivative of q**6/720 + q**5/20 + 2*q**4 - 15*q. Let f(v) be the third derivative of t(v). What is f(0)?
6
Let z = -24 + 31. Let q(w) = w + 10 - 3 - 8*w + 0*w**2 + w**2. What is q(z)?
7
Let z(j) = 2*j + 12. Let g(s) = -2*s**3 - 9*s**2 + 6*s - 7. Let t be g(-5). What is z(t)?
-12
Let j = 63 + -61. Let k be 0/24 - j/1*-1. Let x(d) = d - 1. Let i(w) = w - 5. Let h(g) = i(g) - 6*x(g). What is h(k)?
-9
Let t(m) = -m**2 + 31. Let n = -346 - -346. Calculate t(n).
31
Let w(p) = 2*p - 11. Let g(v) = v - 5. Let a(m) = -5*g(m) + 2*w(m). Suppose 6961 = 9*z + 7015. Determine a(z).
9
Let i(a) = -5*a**3 + 11*a**2 - 10*a + 12. Let c(l) = -4*l**3 + 10*l**2 - 9*l + 10. Let d(f) = -4*c(f) + 3*i(f). Let k be (-36)/(-16)*8/3. Calculate d(k).
-4
Let h(r) = -r**2 + 11*r - 6. Let a(l) = -2*l - 1. Let z(f) = 2*a(f) + h(f). What is z(6)?
-2
Let s(a) = 16*a - 3. Let u(b) = 23*b - 4. Let y(w) = 7*s(w) - 5*u(w). Determine y(-2).
5
Let g(v) = -3*v - 7. Suppose 5*n - 178 = 42. Let b = 38 - n. Calculate g(b).
11
Let a(l) = -12*l**3 + 10*l**2 + 12 + 6*l**3 + 2*l**2 + 5*l**3 - l. Give a(12).
0
Let r(g) = -566 + g**2 - 561 - g + 1128 - 53*g**3. What is r(1)?
-52
Suppose -9*d = d + 1690. Let m = -59 - d. Let v be m/(-11)*1/(-2). Let s(h) = -2*h - 6. Calculate s(v).
-16
Let p(r) = r**3 + r**2 + r + 1. Let f be p(-2). Let b(j) = -j**3 - j**2 + j - 8. Let o(z) = -2*z**3 - z**2 + 3*z - 17. Let l(a) = 9*b(a) - 4*o(a). Give l(f).
11
Let l(t) = 5*t - 4*t + 0*t**2 + 8 - 3*t**2 + 4*t**2. Let y(q) = -22*q - 440. Let r be y(-20). Calculate l(r).
8
Let l = 17 - 14. Let g(f) = 2*f**l + 4*f**2 + 0*f**3 - f**3. Suppose -4*p - 22 = -6. Give g(p).
0
Let w(a) be the third derivative of a**4/24 + 5*a**3/6 + a**2. Let f = -1679 + 1675. Calculate w(f).
1
Let s(z) = -26*z**3 + z**2 + 3*z + 4. Let x(b) = 27*b**3 - 2*b**2 - 4*b - 5. Let u(r) = 4*s(r) + 3*x(r). Let m be 4*1/2 - (7 + -4). What is u(m)?
22
Suppose -3*u - u - 4*r = 36, -u - 5*r = 25. Let f(w) = -45*w**3 - 2 + 75*w**3 - 5*w**2 - w + 6 - 31*w**3. Calculate f(u).
9
Let g be 1 + 2 + 0 + -8. Let d(n) = 2*n + 3. Let i(v) = -v - 